of l and 117?
13
Suppose 0 = -c - 4*c. Let p be 26/(c + 6/21). Calculate the highest common factor of 13 and p.
13
Let w = -39 - -57. Suppose -28 = -2*p + f + f, p - 5*f = 22. Calculate the highest common factor of p and w.
6
Suppose 5*r + 2 = 7. Calculate the greatest common divisor of r and 1.
1
Suppose -s + 55 = 4*s. Calculate the greatest common divisor of s and 55.
11
Suppose -50 = -4*s - 2*i, 6 = 3*s - 5*i + 1. Suppose -j - 376 = -5*j - 4*a, -2*j + 160 = -5*a. Calculate the highest common factor of j and s.
10
Suppose 3*b - 8*b - 61 = -3*x, 2*x + 7 = -b. Let c = -11 - b. Suppose -w + 281 = 5*n, c = 3*n - 5*w - 23 - 140. What is the greatest common factor of 14 and n?
14
Let k(p) = -32*p - 4. Let v be k(-8). Suppose -4*q = -t - 477, 0*q = 2*q + 4*t - v. What is the greatest common divisor of q and 15?
15
Let l = -51 - -28. Let b = 27 + l. What is the highest common factor of b and 12?
4
Let b(p) be the second derivative of -p**5/10 + p**4/6 + 2*p**3/3 + 3*p**2/2 - 7*p. Let z be b(-2). Calculate the greatest common divisor of z and 171.
19
Suppose -45 = -3*l + 105. Calculate the highest common factor of l and 25.
25
Let d be 3/(-4) + (-13)/4. Let j(r) = -r**3 - 5*r**2 - 4*r + 5. Let p be j(d). What is the greatest common factor of 5 and p?
5
Let b(z) = 8*z + 4. Let j be b(7). Let l = j + -15. Calculate the highest common divisor of l and 5.
5
Let v be 150*((-14)/(-4) - 3). Suppose v = 2*j - 15. Let f be (-2)/(1 + (-34)/30). Calculate the highest common divisor of j and f.
15
Let b be (-5 - 4/(-2)) + 7. Suppose -2*u + 13 = -7. What is the greatest common divisor of u and b?
2
Suppose 5*x - 52 = -4*p + 3*x, p + 2*x - 19 = 0. What is the greatest common factor of p and 55?
11
Suppose 86 = 3*h - z, 5*h = 4*z - 3*z + 142. What is the highest common factor of 56 and h?
28
Let c = 95 + -30. Calculate the greatest common factor of c and 13.
13
Let f = -3 - 3. Let x be (-14)/21 - 334/f. Calculate the highest common divisor of 11 and x.
11
Suppose p - 3*z + 12 = 2*p, -8 = 5*p - 2*z. Let x be (p - (-6)/4)*-10. Let i be (69/x - -1)*-20. Calculate the highest common factor of i and 9.
9
Suppose g - 288 = -2*g. What is the highest common factor of g and 12?
12
Let c be (-2 - (-15)/6)*6. Let r(n) = -n - 2. Let t be r(-8). Let a(q) = q**2 - 3*q - 6. Let w be a(t). What is the highest common divisor of c and w?
3
Let i = -20 - -30. Suppose 7*a = 8*a + 13. Let l = -3 - a. What is the greatest common divisor of i and l?
10
Let q(c) = c + 7. Let n be q(5). Let v = -6 - -10. Suppose -y - y + n = v*m, 3*y = 3*m + 9. What is the greatest common factor of 36 and y?
4
Suppose 0 = -2*u + 2*v - 12 - 14, 0 = -2*u - 3*v - 26. Let c = 4 - u. Calculate the highest common factor of c and 153.
17
Let h(m) = m + 7 + m - 6*m. Let s be h(-5). What is the highest common divisor of 243 and s?
27
Let n be (198/21)/(1/7). Suppose 0*i - 2*i + 5*f + 3 = 0, -4*i + 24 = -4*f. Suppose 0 = 4*o + i - 33. What is the highest common divisor of o and n?
6
Suppose 5*b = -v, -b - v = -5*v. Suppose 0 = -5*t - b*t + 15. Calculate the highest common factor of t and 6.
3
Let f = 44 - 29. Let i be 5/4*420/5. Calculate the highest common factor of i and f.
15
Let a(h) = 2*h**2 - 16*h + 9. Let o be a(9). What is the greatest common factor of 9 and o?
9
Suppose -3*f + 12 = -4*f. Let a = f - -25. Calculate the greatest common divisor of a and 13.
13
Let g be ((-32)/(-2))/((-4)/(-10)). Suppose -o - o + 10 = 0. Suppose o*z - 13 - 12 = 0. What is the greatest common divisor of z and g?
5
Suppose 10 = -3*f + 22. Calculate the highest common factor of f and 6.
2
Suppose 0 = -2*h + 3*h + 6. Let y(f) = -2*f + 8. Let w be y(h). Let i = -12 + w. What is the highest common divisor of i and 40?
8
Let v = -25 + 53. Let b be v - (6 + -2)/(-2). Let j = b + 3. What is the greatest common factor of 3 and j?
3
Suppose 0*d - 11 = -d + 2*g, -4*d + 29 = -5*g. Let y be 3 + -2 - (-14)/d. Suppose 0 = 4*q - 5*q + 6. Calculate the greatest common divisor of y and q.
3
Let c(x) = -13*x - 3. Let m be c(-3). Suppose 21*h = 25*h - 36. Calculate the greatest common factor of h and m.
9
Suppose 8*j = 3*j + b + 5, 0 = -2*j - 3*b - 15. Suppose j = -3*o - 2*o + 455. Calculate the highest common divisor of 13 and o.
13
Let o be 12/(-8)*(-8)/6. Calculate the highest common divisor of 22 and o.
2
Suppose -5*x - 8 - 2 = 0. Let m be 4 - (1 + 4/x). Suppose -m*a + 0 = 4*t - 35, -5*t + 55 = -5*a. What is the greatest common factor of 15 and t?
5
Let i = 8 + -4. Suppose -i*v = -6*v + 102. Suppose -3*y = -57 - v. What is the greatest common divisor of y and 54?
18
Let p be -3*42/(0 + -2). Let x = 59 + -50. What is the highest common factor of x and p?
9
Suppose 2*r = -8, -l + 2*r - 64 = -3*l. What is the highest common factor of 12 and l?
12
Suppose -4*x + 0 + 48 = 0. What is the greatest common factor of x and 24?
12
Let h = -49 + 59. What is the greatest common factor of h and 5?
5
Let i(t) = 2*t - 1. Let k be i(1). Let w(c) = 3*c**3 - c**2 + 2*c - 1. Let j be w(k). Suppose -5*g - j = -13. What is the highest common factor of g and 8?
2
Let g(o) = -o + 12. Let z be g(10). Suppose 5*l - 3*y = -0*y + 569, z*y = -3*l + 330. What is the highest common divisor of 14 and l?
14
Let t(h) = h**2 + 6*h + 3. Let q be t(-6). Suppose 4*w - 74 = -q*j + 122, -2*j = -3*w - 142. What is the greatest common divisor of 17 and j?
17
Let c(s) = s**2 - 57*s**3 + 0*s**2 - s - 1 - 30*s**3. Suppose -4 = -0*x + 4*x. Let b be c(x). Calculate the greatest common factor of 11 and b.
11
Let f(l) = -23*l - 8. Let a be 6/(1 - (-7)/(-4)). Let j be f(a). Suppose 0 = -5*p + 25, 2*n - 3*p = 6*n - 79. What is the highest common divisor of j and n?
16
Let d = 0 - -1. Let u be 2/(-4)*d*0. Suppose -g - 4*g + 4*y + 25 = u, -g + 3*y - 6 = 0. What is the greatest common divisor of 72 and g?
9
Let o be 340/14 + 2/(-7). Suppose 4*t + 8 = 0, 4*z = -0*z - t + 22. What is the highest common factor of z and o?
6
Let x(c) = c**2 - c - 2. Let u be x(3). Let n be (u/(-8))/((-1)/14). Calculate the greatest common divisor of n and 49.
7
Let q(v) = -v**2 - 9*v - 7. Let x be q(-5). Let s = -15 - -21. Suppose 5*w - s*w = -143. What is the greatest common factor of w and x?
13
Suppose 2*c = 11 + 17. Let m(a) = a**2 - 20*a + 7. Let r be m(21). Calculate the greatest common divisor of r and c.
14
Let t = 64 + -40. Calculate the greatest common divisor of 48 and t.
24
Let w be 428/18 + (-8)/(-36). Suppose j - 12 = 4*h, -h - 24 = -4*j + w. Let u = 119 - 59. Calculate the greatest common divisor of j and u.
12
Let c(k) = -k + 11. Let a(n) = -n**3 - 14*n**2 - n - 9. Let p be a(-14). Let b be c(p). Calculate the highest common divisor of 12 and b.
6
Let z = 104 + -28. What is the highest common divisor of 19 and z?
19
Let u = -34 - -62. What is the highest common divisor of u and 28?
28
Let l = -3 + 3. Let w = l - -2. Suppose -3*m + 310 = -2*c, 4*m = 6*c - w*c + 412. What is the highest common divisor of 13 and m?
13
Let a(v) = v + 4. Suppose -3*s = -5*s. Let b be a(s). Let y(j) = 4*j**2 + 4*j - 4. Let l be y(-4). What is the greatest common factor of b and l?
4
Let j be (-2)/14 + 1143/63. What is the highest common divisor of j and 54?
18
Let l be (-1)/(2 - (-21)/(-9)). Suppose -5 = -o, -5*s + l*o = -o - 5. Let y(p) = p + 45. Let k be y(0). What is the highest common factor of k and s?
5
Let l(s) = -s**3 - 4*s**2 - 2*s + 1. Let a be l(-4). Let k(h) = -h**3 + h - a*h**2 - h + 11. Let m be k(-9). Calculate the greatest common divisor of m and 11.
11
Suppose 4*q = 5*u - 6*u + 502, 2*q + 5*u = 260. What is the greatest common factor of q and 25?
25
Let i(u) = -2 - 2*u + 2*u - 2*u - 8. Let s be i(-7). What is the highest common factor of s and 8?
4
Suppose 47 = 2*x + 15. Let r be 618/8 - 4/x. Calculate the greatest common divisor of 7 and r.
7
Let i(s) = s**2 - 6*s + 3. Let k be i(6). Let l = 6 - 4. Suppose -2*p - 2*j = p - 95, 62 = 2*p + l*j. What is the greatest common divisor of p and k?
3
Let z = 3 + 7. Let i be (2 - -5) + (-1 - 0). Let l be (140/(-6))/((-2)/i). What is the highest common factor of z and l?
10
Let v(r) = -r**2 + 12*r + 7. Let f = -19 - -30. Let p be v(f). What is the greatest common factor of 9 and p?
9
Let x be 4/5 + 3744/45. Calculate the greatest common factor of x and 12.
12
Let